Suppose 10*p - n = 124. What is the tens digit of p?
2
Let t = 61 - 57. Suppose 2 = t*g - 6*g. What is the units digit of (198 - g) + -4 + 0?
5
Let g = -93 - -90. Let y(t) = 48*t + 7. Let l be y(g). Let r = 193 + l. What is the tens digit of r?
5
Let l = 39313 - 21188. What is the thousands digit of l?
8
Suppose -s = -2*z + 8051, 4*z + s = -10785 + 26902. What is the units digit of z?
8
Suppose 89 - 97 = -2*b. Let d(i) = 257*i + 61. What is the thousands digit of d(b)?
1
Suppose 78*u - 76*u = 8. What is the hundreds digit of 10376/56 - u/14?
1
Let t = -559 - -49. What is the tens digit of (-3 + (-204)/(-20))/((-9)/t)?
0
Let m(b) = 17*b**2 + 15*b - 125. What is the hundreds digit of m(19)?
2
Suppose 0 = -5*k - 2*k + 6*k. Suppose k = 345*c - 344*c - 327. What is the hundreds digit of c?
3
Let s = -353 + 758. Let m = s - 92. What is the hundreds digit of m?
3
Suppose -23462 - 24862 = -2*i + d, -4*i + 96656 = 2*d. What is the ten thousands digit of i?
2
Let t = 1120 - -2882. What is the hundreds digit of t?
0
Let r = 30 + -6. Suppose 14*h - 10*h = 4*a - 8, 0 = -a + 5*h + 2. Suppose -f = -a*f + r. What is the tens digit of f?
2
Suppose i = -4*o + 3844, -6*i + o = -8*i + 7716. Suppose 0 = -5*b + i - 1245. What is the hundreds digit of b?
5
Let n(u) = -15*u + 49. Let x be n(7). Let s = 274 - x. What is the hundreds digit of s?
3
Suppose 22*s + 18*s = 198640. Let g = s + -3395. What is the thousands digit of g?
1
Let t = 4 + -1. Suppose 0 = -4*y - y - t*x + 827, -660 = -4*y - 2*x. What is the tens digit of y?
6
Let j = -1001 + 1704. Let l = -170 + j. What is the tens digit of l?
3
Suppose 0 = -3*k - a + 614, -a - a + 610 = 3*k. Let d be k + 240/(-108) + 2/9. Let y = -90 + d. What is the units digit of y?
4
What is the hundreds digit of 1272/(-48) + 24 - 42837/(-2)?
4
Suppose -128*u = -882311 - 527359 - 141178. What is the units digit of u?
6
Let f(z) = -278*z + 3373. What is the thousands digit of f(-51)?
7
Suppose 0 = 3*u - 12, -4*u = -19*y + 15*y + 26444. What is the hundreds digit of y?
6
Let z(f) = -43*f - 11. Let v(y) be the second derivative of 85*y**3/6 + 21*y**2/2 - 13*y. Let j(a) = 3*v(a) + 7*z(a). What is the tens digit of j(-2)?
7
Let x = 234 - 198. Suppose x*l = 42*l - 2244. What is the tens digit of l?
7
What is the tens digit of 21/56*12*4948/6?
1
Let l = -1596 + 5155. What is the units digit of l?
9
Let v be (-6)/4*(-16)/24*-18. What is the tens digit of ((-258)/v + -7)/(2/99)?
6
Let j = -99 + 102. Suppose -m = m - j*a - 68, -a = -4*m + 116. What is the units digit of m?
8
Let h = -870 - -1265. Suppose -4*l + h = -2*j + 13, -3*j + 309 = 3*l. What is the units digit of l?
8
Let b(i) = 2*i + 47. Let g be b(-22). Suppose 0 = 5*n - 3*j - j - 3217, -g*n = j - 1937. Suppose -175 = -10*s + n. What is the units digit of s?
2
Let h be ((-118)/(-4))/((-19)/38). Let j = -56 - h. Suppose j*a - 452 = -2*q, -6*q - 20 = -2*q. What is the units digit of a?
4
Let f be (-285)/45*(-239 - 1). Suppose -2*t - 3*k = -997, -4*t = 3*k - f - 483. What is the hundreds digit of t?
5
Suppose 12*v - 636 = 31*v - 13*v. Let b be -6*(-4)/14*154. Let h = v + b. What is the tens digit of h?
5
Let x = -2995 - -946. Let a = x - -3756. What is the thousands digit of a?
1
Suppose 0 = -y - 647 - 567. Let s = -695 - y. What is the tens digit of s?
1
Let d = -1740 + 385. Let p = -617 - d. What is the tens digit of p?
3
What is the thousands digit of ((-2)/6 + 1)*(1200/40 - -85164)?
6
Let v be (2 + -2)*(-1)/2. Let s(g) = 18*g + 237. Let y be s(-13). Suppose v = -2*p - y*p + 1260. What is the hundreds digit of p?
2
Let a = 264 - 294. Let n = a + 160. What is the units digit of n?
0
Let p(x) = -x**3 + 4*x - 1. Let s be (-6)/(-1)*1/3. Suppose r - 4*g = 16, 3*g - 5*g - s = -2*r. What is the units digit of p(r)?
7
Let y = 65987 + -44542. Suppose -3*k + y = -896. What is the units digit of k/44 + 1/(-4)?
9
Suppose 5*m - 4*r - 142 = 76, 2*m - r - 86 = 0. What is the tens digit of 6570/105 + (-3)/m*-6?
6
Let s = 6316 - -84. What is the hundreds digit of s?
4
Suppose -159*h = -290*h + 4147513 + 1467409. What is the hundreds digit of h?
8
Let d = -4012 - -7302. What is the hundreds digit of d?
2
Let g = -297 + 542. Suppose -p + g = 5*c - 465, 0 = 3*c - 2*p - 426. What is the tens digit of c?
4
Suppose 133*k - 136*k = -27840. What is the hundreds digit of k?
2
Let n = -9062 + 47130. What is the units digit of n?
8
Let c(l) = 3*l - 19 + 8*l - l. Let g = -1972 - -1977. What is the units digit of c(g)?
1
Suppose 116*b = 104*b + 40836. What is the thousands digit of b?
3
Let v = 11520 - 6084. Suppose 5*q + 3*f - v = 0, -5*f + 226 + 4115 = 4*q. What is the units digit of q?
9
Suppose -22*h = -5*h - 3587. Let u = -52 + 52. Suppose u = -2*q + 29 + h. What is the hundreds digit of q?
1
Suppose -4*t + 22 = 10, -4*o + 28736 = -4*t. What is the tens digit of o?
8
Let k = -370 + 5664. What is the tens digit of k?
9
Suppose 2*z - 38810 = -14*q + 18*q, -3*z - q + 58222 = 0. What is the ten thousands digit of z?
1
Let w = -21 - -183. What is the hundreds digit of (3/(18/(-1156)))/((-108)/w)?
2
Let w = 327 - 327. Suppose w = -5*r - 0*r - 10, r = -2*k + 416. What is the units digit of k?
9
Suppose -857 = c + 3*l - 18832, 2*c - 35970 = 4*l. What is the thousands digit of c?
7
Let l be -4 + 1 - -258 - 0/(-1). Suppose -3*p + 66 = -l. What is the hundreds digit of p?
1
Let m(c) = 235*c + 85. What is the tens digit of m(5)?
6
Let r(t) = -6*t - 34. Let z(g) = -41*g - 1. Let c be z(-1). Let o = 28 - c. What is the units digit of r(o)?
8
Let d(l) = -21*l + 68. Let u be d(-8). Suppose m - 3*m - 3*g = -u, -3*m + 348 = 3*g. What is the units digit of m?
2
Let w(y) be the third derivative of -37*y**4/12 + 4*y**3 + y**2 + 9*y. What is the hundreds digit of w(-9)?
6
Let r be (-8)/(-18) + 72/(-162). Suppose r = -11*y - 845 + 2528. What is the units digit of y?
3
Let k(q) = 3 - 1 + 244*q - 161*q. What is the tens digit of k(6)?
0
Suppose 5*h - 13*i = -12*i + 77464, -h + 5*i + 15488 = 0. What is the hundreds digit of h?
4
Suppose 4*p = 25*p + 105. What is the tens digit of (1/p*-9)/(6/630)?
8
Let u(y) be the first derivative of y**5/20 - y**4/3 + y**3 + y**2/2 - 23*y - 10. Let w(j) be the first derivative of u(j). What is the tens digit of w(6)?
0
Let j be (-1890)/459 + (-4)/(-34). What is the units digit of j/26 + 9102/13?
0
Suppose -c = -163 + 63. Suppose c*g = 89*g + 231. What is the tens digit of g?
2
What is the thousands digit of 14 - 12 - ((-8)/(-10))/(12/(-326070))?
1
What is the units digit of 39423 - (3*-1 + -1)/((-302)/(-604))?
1
Let c be (-5908)/(-21)*(1 + -3 + 5). What is the tens digit of c + (7 - (-15)/(-1))?
3
Suppose 5*c - k - 108 = -10, -110 = -5*c - 5*k. Suppose -c*b + 17*b = -2250. What is the units digit of b?
0
Let i(r) = -r**2 - 5*r - 27. Let k be i(-20). Let c = -153 - k. What is the hundreds digit of c?
1
Let c be -1 + 280/36 + 4/18. Let n(f) = -f + 12. Let q be n(c). Suppose -x - q*x + 60 = 0. What is the units digit of x?
0
Let q be (414/(5 - 3))/1. Suppose 19 = -2*a + q. What is the tens digit of a?
9
Let u be (-6)/(-2)*(-16)/6. Let b be 11/4 - 2/u. Suppose -b*o - 320 = -5*c + o, 0 = 5*c + 5*o - 320. What is the tens digit of c?
6
Suppose -344*p + 97*p + 11266905 = 0. What is the tens digit of p?
1
Let v be (8/4 + -4)*-167. Suppose -89 - 430 = 3*n. Let s = v + n. What is the hundreds digit of s?
1
Let d(l) be the first derivative of 4*l + 1/4*l**4 - 10 - 8/3*l**3 - 7*l**2. What is the units digit of d(10)?
4
Let y = 5 - -11. Let v be (-19)/(-95) - (-34)/5 - (-2)/(-1). What is the tens digit of 296/y + v - 2/4?
2
Let c(i) = 21*i**2 + 22*i + 107. What is the tens digit of c(9)?
0
Let u(m) be the third derivative of 23*m**4/8 - m**3/2 - 114*m**2 - 2. What is the tens digit of u(12)?
2
Let t(z) = 2*z**3 - 7*z**2 - z. Let h be t(4). Let j be (0 + h/(-10))/((-12)/(-400)). Let o = j + 155. What is the tens digit of o?
1
Let f(z) = 3*z + 20. Let u be f(-9). Let m be 14/4*(-6)/u. Suppose -5*g = -4*x + 126, -5*x + 96 = -2*x - m*g. What is the tens digit of x?
3
What is the thousands digit of 3*(-671376)/288*(-4)/2?
3
Suppose -534 = -2*a - 40. Let z = 456 - a. Let w = -104 + z. What is the units digit of w?
5
Suppose -953 - 1560 = 7*x. Let u = -217 - x. What is the tens digit of u?
4
Let z = -8595 + 2